3.
67
Calculate the remainder when 1637 is divided by 1556.
81
What is the remainder when 387 is divided by 130?
127
What is the remainder when 19626 is divided by 51?
42
What is the remainder when 25126 is divided by 898?
880
Calculate the remainder when 60006 is divided by 5999.
16
What is the remainder when 138288 is divided by 191?
4
Calculate the remainder when 13429 is divided by 8.
5
What is the remainder when 1148 is divided by 536?
76
What is the remainder when 44122 is divided by 29?
13
What is the remainder when 1073567 is divided by 424?
423
Calculate the remainder when 48823 is divided by 75.
73
What is the remainder when 1211 is divided by 127?
68
Calculate the remainder when 80129 is divided by 175.
154
Calculate the remainder when 718299 is divided by 53.
43
What is the remainder when 1131838 is divided by 32?
30
Calculate the remainder when 2334 is divided by 568.
62
Calculate the remainder when 614383 is divided by 3.
1
What is the remainder when 12081 is divided by 79?
73
What is the remainder when 9043 is divided by 34?
33
What is the remainder when 1246 is divided by 602?
42
Calculate the remainder when 13059 is divided by 195.
189
What is the remainder when 216545 is divided by 86?
83
What is the remainder when 5002 is divided by 84?
46
What is the remainder when 38864 is divided by 1688?
40
What is the remainder when 56542 is divided by 3139?
40
What is the remainder when 87105 is divided by 183?
180
What is the remainder when 843 is divided by 62?
37
What is the remainder when 13024 is divided by 12821?
203
What is the remainder when 20398 is divided by 65?
53
What is the remainder when 7831 is divided by 280?
271
What is the remainder when 92084 is divided by 150?
134
Calculate the remainder when 114047 is divided by 594.
593
What is the remainder when 14686 is divided by 6152?
2382
What is the remainder when 6220 is divided by 183?
181
Calculate the remainder when 7382131 is divided by 293.
289
Calculate the remainder when 111316 is divided by 121.
117
Calculate the remainder when 396 is divided by 81.
72
Calculate the remainder when 1067586 is divided by 209.
14
Calculate the remainder when 11786 is divided by 40.
26
What is the remainder when 20238 is divided by 113?
11
Calculate the remainder when 1187153 is divided by 661.
658
Calculate the remainder when 48818 is divided by 79.
75
What is the remainder when 8602 is divided by 3324?
1954
Calculate the remainder when 9753 is divided by 3106.
435
What is the remainder when 1692757 is divided by 34?
33
Calculate the remainder when 300923 is divided by 5.
3
What is the remainder when 1932 is divided by 541?
309
What is the remainder when 14803 is divided by 875?
803
What is the remainder when 1378 is divided by 657?
64
What is the remainder when 9459 is divided by 3132?
63
What is the remainder when 2521871 is divided by 14?
9
Calculate the remainder when 93327 is divided by 16.
15
What is the remainder when 1394 is divided by 1373?
21
What is the remainder when 1619 is divided by 267?
17
What is the remainder when 1711 is divided by 1697?
14
Calculate the remainder when 78972 is divided by 2393.
3
Calculate the remainder when 34912 is divided by 3879.
1
What is the remainder when 7339 is divided by 37?
13
What is the remainder when 419101 is divided by 138?
133
Calculate the remainder when 9195 is divided by 437.
18
Calculate the remainder when 8535 is divided by 120.
15
Calculate the remainder when 538 is divided by 155.
73
Calculate the remainder when 9155 is divided by 23.
1
Calculate the remainder when 1075 is divided by 1028.
47
Calculate the remainder when 1041 is divided by 479.
83
Calculate the remainder when 194879 is divided by 1559.
4
Calculate the remainder when 50105 is divided by 25051.
3
What is the remainder when 124347 is divided by 17753?
76
Calculate the remainder when 16018 is divided by 39.
28
Calculate the remainder when 146067 is divided by 24341.
21
What is the remainder when 14114 is divided by 37?
17
Calculate the remainder when 3069 is divided by 993.
90
Calculate the remainder when 83806 is divided by 29.
25
Calculate the remainder when 2815 is divided by 152.
79
Calculate the remainder when 6086 is divided by 124.
10
Calculate the remainder when 668149 is divided by 161.
160
Calculate the remainder when 697488 is divided by 19.
17
Calculate the remainder when 6371 is divided by 310.
171
Calculate the remainder when 2732 is divided by 203.
93
Calculate the remainder when 2059 is divided by 201.
49
What is the remainder when 770 is divided by 47?
18
What is the remainder when 1663 is divided by 636?
391
Calculate the remainder when 1578 is divided by 487.
117
What is the remainder when 17873 is divided by 672?
401
Calculate the remainder when 119 is divided by 43.
33
Calculate the remainder when 13807 is divided by 42.
31
What is the remainder when 11617 is divided by 3741?
394
Calculate the remainder when 427 is divided by 370.
57
What is the remainder when 2523 is divided by 1010?
503
Calculate the remainder when 86161 is divided by 35.
26
Calculate the remainder when 876178 is divided by 34.
32
Calculate the remainder when 10582 is divided by 163.
150
What is the remainder when 3839 is divided by 87?
11
Calculate the remainder when 528 is divided by 114.
72
Calculate the remainder when 21318 is divided by 21278.
40
Calculate the remainder when 3908 is divided by 206.
200
Calculate the remainder when 79871 is divided by 16.
15
What is the remainder when 13269 is divided by 119?
60
What is the remainder when 4619 is divided by 4588?
31
Calculate the remainder when 17744 is divided by 5913.
5
What is the remainder when 37635 is divided by 18763?
109
Calculate the remainder when 129009 is divided by 32238.
57
Calculate the remainder when 9504 is divided by 789.
36
Calculate the remainder when 4857 is divided by 26.
21
Calculate the remainder when 2300161 is divided by 17.
10
What is the remainder when 1366 is divided by 1013?
353
Calculate the remainder when 20725 is divided by 141.
139
Calculate the remainder when 3653 is divided by 98.
27
What is the remainder when 920 is divided by 105?
80
Calculate the remainder when 323552 is divided by 118.
114
Calculate the remainder when 1422 is divided by 286.
278
Calculate the remainder when 60340 is divided by 113.
111
Calculate the remainder when 1293 is divided by 310.
53
What is the remainder when 11692 is divided by 3751?
439
Calculate the remainder when 14233 is divided by 4295.
1348
What is the remainder when 13531 is divided by 453?
394
What is the remainder when 15034 is divided by 69?
61
Calculate the remainder when 1474 is divided by 98.
4
What is the remainder when 105390 is divided by 108?
90
What is the remainder when 5261 is divided by 478?
3
Calculate the remainder when 1114 is divided by 328.
130
Calculate the remainder when 18581 is divided by 90.
41
Calculate the remainder when 21462 is divided by 13.
12
What is the remainder when 554811 is divided by 26?
23
What is the remainder when 31152 is divided by 760?
752
Calculate the remainder when 555607 is divided by 796.
795
What is the remainder when 677071 is divided by 420?
31
Calculate the remainder when 10702 is divided by 96.
46
Calculate the remainder when 8256 is divided by 116.
20
Calculate the remainder when 42899 is divided by 55.
54
What is the remainder when 18690 is divided by 129?
114
Calculate the remainder when 149291 is divided by 572.
571
Calculate the remainder when 93662 is divided by 26.
10
Calculate the remainder when 247759 is divided by 163.
162
Calculate the remainder when 778 is divided by 301.
176
What is the remainder when 6467 is divided by 32?
3
What is the remainder when 62819 is divided by 1?
0
What is the remainder when 861 is divided by 796?
65
Calculate the remainder when 12390 is divided by 6189.
12
Calculate the remainder when 35605 is divided by 62.
17
Calculate the remainder when 34977 is divided by 19.
17
What is the remainder when 85698 is divided by 4760?
18
Calculate the remainder when 8124 is divided by 33.
6
What is the remainder when 103386 is divided by 13?
10
What is the remainder when 9358 is divided by 341?
151
What is the remainder when 7330 is divided by 1248?
1090
Calculate t